*2 + 1. What is the tens digit of d(z)?
5
Suppose -143 + 18 = 4*c - w, 2*c + 52 = 4*w. Let b = 36 + c. Suppose b*q = 122 - 10. What is the tens digit of q?
2
Suppose 15*g = 23932 + 45008. What is the tens digit of g?
9
Suppose -4*x + 813 = 325. Suppose 3*s - 383 + x = 0. Let t = 230 - s. What is the tens digit of t?
4
Let q(g) = -g**2 - 13*g + 9. Let o be q(-13). Let f be (-3)/o + -2 + (-956)/12. Let v = f - -131. What is the tens digit of v?
4
Suppose 5*f = 2*s + 3*f + 24, -3*f = 6. Let w(g) = 132*g - 19 + 12*g**2 - 129*g + g**3 - 39*g. What is the tens digit of w(s)?
9
Let b = -16 - -21. Suppose b*t + 15 = 0, -2*c - 513 = -6*c - t. What is the tens digit of c?
2
Suppose -32 = -3*w - 20. What is the tens digit of (6/w)/(16/3040)?
8
Suppose 0 = -118*h + 16*h + 820692. What is the thousands digit of h?
8
What is the thousands digit of (-1)/(0 + -2*1/12382)?
6
Suppose 0 = -3*m - q + 75818, 4*m - 2*q - q = 101069. What is the thousands digit of m?
5
Let k be -26 - 408 - (-2 - -1). Let h = k + 878. What is the tens digit of h?
4
Suppose j = -3*y + 14124, 0*y - 4*y = 3*j - 18837. What is the units digit of y?
7
Let g be (-2 - (-22)/(-2))*-1. Let d be 48/(-80) + g/5. Suppose -5 = p - d*p, 2*p = n - 54. What is the units digit of n?
4
Suppose 2*v - 10452 = 2*a, 42*a = 38*a - 12. What is the tens digit of v?
2
Let u(j) = -2*j**2 - j + 2627. Let r be u(0). What is the hundreds digit of r/7 + 16/(-56)?
3
Suppose 4*h + 17 - 37 = 0. Let a be (-68)/8*-5*2. Suppose -v - a = -3*v + 3*n, 0 = -h*v - 3*n + 181. What is the tens digit of v?
3
Suppose -6*i - 3*f + 89268 = 0, -4*i - 4*f + 29189 = -30311. What is the ten thousands digit of i?
1
Suppose 145*z + 261*z - 8249481 - 4334489 = 0. What is the hundreds digit of z?
9
Let w = 194 + -81. Suppose -3*x + 156 = -2*y + 19, 2*x - w = -3*y. Suppose 5*l = 36 + x. What is the units digit of l?
7
Suppose -4 - 5 = 3*m, -3*m + 49 = 2*s. Let g = s + 49. Suppose -g = -2*t - 6. What is the tens digit of t?
3
Suppose -9*r + 76 + 23 = 0. Suppose -2*a + 10 = 0, 6736 = r*t - 7*t + 4*a. What is the thousands digit of t?
1
Let x = -2991 + 8930. What is the units digit of x?
9
Suppose -360798 = -48*i - 178318 + 314416. What is the units digit of i?
2
Let z = 64 - 52. Let r be 1 + z/4 - 2. Suppose r*o - 4*b + 656 = 5*o, 4*b = 4*o - 912. What is the tens digit of o?
2
Let l(g) = 15*g**2 + 3*g + 3. Let a(m) = -15*m**2 - 3*m - 4. Let i(h) = 4*a(h) + 5*l(h). Let k be i(1). Let z = k - -50. What is the tens digit of z?
6
Suppose 17*y = 271908 - 55229 + 61118. What is the tens digit of y?
4
Let b(y) = 1341*y + 1. Let c be b(3). Let a = c + -2258. What is the thousands digit of a?
1
Suppose n = -5*a + 42063, -2*a - 41530 = 2*n - 125608. What is the tens digit of n?
3
Let b = 17815 + -9931. What is the hundreds digit of b?
8
Let w = 409 - 279. Suppose 5*k + 2*h - 340 = -3*h, 0 = 3*k + 5*h - 194. Let x = w - k. What is the units digit of x?
7
Let h = -195 - -198. Let k(w) = 8*w + 5*w - 2 - 1. What is the tens digit of k(h)?
3
Suppose 0 = -5*d - 10, -13663 = -3*p + 46*d - 50*d. What is the hundreds digit of p?
5
Suppose -17 = -12*r + 19. Suppose 2*y - 323 = -3*p - 44, 3*y = r*p + 381. What is the units digit of y?
2
What is the thousands digit of (-4)/(-46) - (-17 - (-42832418)/(-782))?
4
Suppose -324 + 319 = -t, -3*g - 3*t + 175065 = 0. What is the hundreds digit of g?
3
What is the thousands digit of (20/((-1120)/172968))/(5/(-35))?
1
Suppose -31 = -11*w + 2. Suppose -w*d - 4*d + 21 = 0. Suppose 2*n - 4*p = 164, -n - d*n - 5*p + 341 = 0. What is the units digit of n?
4
Suppose -39*w + 491346 = 42*w. What is the hundreds digit of w?
0
Let z(s) = -2*s + 1. Let a(o) = -2*o**2 - 4*o - 129. Let r(l) = -a(l) + 2*z(l). What is the tens digit of r(0)?
3
Let b(a) = 78*a + 7. Let y be b(2). Let d = 55 + y. What is the hundreds digit of d?
2
Suppose 75*w - 176084 = 402916. What is the thousands digit of w?
7
Suppose -17*l - 9*l - 12870 = 0. Let d = l + 693. What is the tens digit of d?
9
Let k = -11815 + 20620. What is the tens digit of k?
0
Suppose -2 - 2 = g, p + 5*g - 3628 = 0. What is the units digit of ((-1)/(-1) + -11)*p/(-120)?
4
Let g = 357 - 364. What is the hundreds digit of 4/g + 147795/105?
4
Let m(q) = 4*q**2 - 8*q - 4. Let u(p) = 3*p**2 - 7*p - 3. Let a(b) = 5*m(b) - 6*u(b). Let n be a(7). Suppose -13*r = -18*r + n. What is the units digit of r?
2
Let y be (4/3)/(16/24). Suppose 2*n - 4*w = -160, 2*n + 0*w + y*w = -142. Let c = 163 + n. What is the tens digit of c?
8
Let y(w) = 2*w**2 - 8*w - 43. Let d be y(7). What is the hundreds digit of -10*(-31 + 0) + d?
3
Suppose -5*o = -2*h + 11, -5*h + 10 = -3*h - 4*o. Suppose 4*v - m + 5 = h, 2*v - m = -2. Suppose 18*t - 14*t - 696 = v. What is the units digit of t?
4
What is the units digit of (-20)/(-15)*(1/3 - 1045969/(-114))?
4
Let r = -57 - -62. Let x(a) = 32 + 1 + a**2 + 19*a + 12 - r. What is the tens digit of x(-18)?
2
Let c(n) = 3*n**2 - 34*n + 25. Let o be c(9). What is the tens digit of (-4)/o + (-10566)/(-342)?
3
Let g = -7563 + 12796. What is the thousands digit of g?
5
Let x(t) = -262*t + 3192. What is the hundreds digit of x(-84)?
2
Let w(u) = 48*u + 116. Let s be w(-5). Let p = s - -320. What is the hundreds digit of p?
1
Suppose 0 = -10*x - 38 + 58. What is the tens digit of x/((-68)/(-153) - (-10)/(-36))?
1
Suppose 28 + 47 = -3*o. Let c be 3/15 + (-2695)/o. Suppose -86*d = -90*d + c. What is the units digit of d?
7
Suppose -5*p = 5*j + 68837 - 202697, -26787 = -j + 2*p. What is the ten thousands digit of j?
2
Let o = 10754 + 16249. What is the thousands digit of o?
7
Suppose -5584 = -11*a - 13515. Let g = a + 2200. What is the hundreds digit of g?
4
Let m(h) = -h**3 - 16*h**2 + h + 18. Let c = -68 - -52. Let t be m(c). Suppose 0 = 4*i - t*i - 22. What is the tens digit of i?
1
Let q be 2579/5 + 2*9/90. Let h = q + -159. What is the units digit of h?
7
Suppose 0 = -113*u + 1152860 + 613669. What is the hundreds digit of u?
6
What is the hundreds digit of (-6 - 10745/(-15))/(2 + 70/(-36))?
7
Let u(v) = 333*v**2 - 480*v - 119. What is the tens digit of u(12)?
7
Suppose 31866 - 90312 = -17*n. Suppose -y + n = 5*f, -4*f + 2*y - 51 = -2807. What is the tens digit of f?
8
Suppose 581 = -2*k - a - 4*a, 5*a - 1117 = 4*k. Let m = -168 - k. Let s = m + -67. What is the units digit of s?
8
What is the hundreds digit of 3*(-2)/12*10 + 27975?
9
Suppose -7*b + 437 = -4850 + 604. What is the units digit of b?
9
Let w(f) be the second derivative of 0 - 5/3*f**3 - 15*f - 3*f**2 - 1/3*f**4 - 1/20*f**5. What is the units digit of w(-6)?
6
Suppose 3*r - 14 - 1 = -2*d, -20 = -4*r. Suppose -2*g = f - d*f - 156, 0 = -3*f. What is the units digit of g?
8
What is the ten thousands digit of ((-12 - 2) + 0)*(233624/16)/(-19)?
1
Suppose p = -4003 + 550. Let b = -2224 - p. What is the thousands digit of b?
1
Let v(d) = -10*d**3 + 8*d**2 - 6*d + 16. Let k be v(-7). Suppose 0*y = -10*y + k. Suppose -x = -a + 97, 3*a + a = 2*x + y. What is the tens digit of a?
9
Let y(k) be the second derivative of k**2 + 3/4*k**4 + 1/20*k**5 + 4/3*k**3 + 12*k + 0. What is the units digit of y(-8)?
2
What is the ten thousands digit of 52391 - ((-18)/(-1) - 37)?
5
What is the tens digit of (5 + 4 + 617)*88/16?
4
Suppose 17*l - 35 = 4878. Suppose 0 = l*y - 296*y + 7658. What is the tens digit of y?
9
Let v = 6270 + -2526. What is the units digit of v?
4
Suppose -3*z - 33 = -4*w, 0 = 3*w + 5*z - 3. Suppose -30*k = -w*k - 10344. What is the tens digit of k?
3
Let o(r) = r**2 - 6*r - 5. Let g be o(7). Let x be (0 + g)/((-22)/33). Let m(h) = -3*h**3 + 4*h - 6. What is the units digit of m(x)?
3
Suppose -307*y + 1256164 = -125*y. What is the hundreds digit of y?
9
Let k be (15 + (-570)/40)/(-3*3/(-2796)). Suppose 0*i = i - 5. Suppose -i*l + k - 3 = 0. What is the tens digit of l?
4
Let x = 13 - 7. Let s be (-62)/(-310) + -6 + (-58)/(-10). Suppose s = x*i - 3*i - 294. What is the units digit of i?
8
What is the hundreds digit of 50/5*(1652 - (-7 + 11))?
4
Suppose -r = -4*l + 31, 29 = 4*l + r - 12. Suppose -3878 - 2143 = -l*c. What is the units digit of c?
9
Let x be 2/(-8) - (-2)/((-72)/63). Let u = 10 + -14. What is the tens digit of (u - x)*((-10)/2 - 0)?
1
Let a(v) = -2*v**3 - 27*v**2 + 42*v - 24. What is the thousands digit